r when 1864 is divided by 105.
79
What is the remainder when 4851 is divided by 922?
241
What is the remainder when 213315 is divided by 34?
33
Calculate the remainder when 410873 is divided by 40.
33
Calculate the remainder when 150981 is divided by 3355.
6
What is the remainder when 1471818 is divided by 367954?
2
Calculate the remainder when 944 is divided by 406.
132
Calculate the remainder when 19807 is divided by 639.
637
Calculate the remainder when 13766 is divided by 79.
20
Calculate the remainder when 45378 is divided by 18.
0
Calculate the remainder when 3414 is divided by 912.
678
What is the remainder when 202490 is divided by 126?
8
What is the remainder when 354 is divided by 195?
159
Calculate the remainder when 116121 is divided by 1786.
31
Calculate the remainder when 189776 is divided by 15810.
56
Calculate the remainder when 31339 is divided by 591.
16
What is the remainder when 157540 is divided by 368?
36
Calculate the remainder when 252506 is divided by 36069.
23
Calculate the remainder when 8041 is divided by 1575.
166
What is the remainder when 56231 is divided by 9?
8
Calculate the remainder when 890850 is divided by 13.
12
Calculate the remainder when 2043 is divided by 92.
19
Calculate the remainder when 436472 is divided by 102.
14
Calculate the remainder when 28407 is divided by 835.
17
What is the remainder when 29866 is divided by 29815?
51
What is the remainder when 10339 is divided by 45?
34
What is the remainder when 52033 is divided by 177?
172
Calculate the remainder when 1800 is divided by 528.
216
What is the remainder when 48084 is divided by 23?
14
Calculate the remainder when 396303 is divided by 17.
16
What is the remainder when 28459 is divided by 581?
571
Calculate the remainder when 82467 is divided by 6.
3
Calculate the remainder when 717477 is divided by 13.
7
Calculate the remainder when 1567 is divided by 79.
66
What is the remainder when 4881 is divided by 1622?
15
Calculate the remainder when 327673 is divided by 10.
3
Calculate the remainder when 7666 is divided by 1902.
58
What is the remainder when 19452 is divided by 6483?
3
What is the remainder when 400499 is divided by 145?
9
What is the remainder when 1334 is divided by 702?
632
What is the remainder when 11859 is divided by 138?
129
Calculate the remainder when 108029 is divided by 110.
9
Calculate the remainder when 4338 is divided by 13.
9
Calculate the remainder when 2320 is divided by 15.
10
Calculate the remainder when 201353 is divided by 90.
23
Calculate the remainder when 20356 is divided by 677.
46
What is the remainder when 4167163 is divided by 1536?
1531
Calculate the remainder when 9482 is divided by 3.
2
Calculate the remainder when 16762 is divided by 672.
634
Calculate the remainder when 140232 is divided by 69.
24
What is the remainder when 364608 is divided by 3407?
59
Calculate the remainder when 4447 is divided by 443.
17
Calculate the remainder when 10948 is divided by 228.
4
What is the remainder when 4539 is divided by 1069?
263
Calculate the remainder when 420 is divided by 309.
111
What is the remainder when 4296 is divided by 536?
8
Calculate the remainder when 20671 is divided by 4133.
6
Calculate the remainder when 3070 is divided by 174.
112
Calculate the remainder when 250937 is divided by 20.
17
Calculate the remainder when 5614 is divided by 13.
11
What is the remainder when 46338 is divided by 271?
268
What is the remainder when 144633 is divided by 144609?
24
What is the remainder when 22565 is divided by 22561?
4
Calculate the remainder when 76196 is divided by 4762.
4
What is the remainder when 8035 is divided by 325?
235
Calculate the remainder when 9332 is divided by 9321.
11
What is the remainder when 16788 is divided by 254?
24
What is the remainder when 43972 is divided by 92?
88
Calculate the remainder when 14892 is divided by 4862.
306
Calculate the remainder when 9588 is divided by 43.
42
What is the remainder when 17906 is divided by 5955?
41
Calculate the remainder when 652 is divided by 6.
4
What is the remainder when 235201 is divided by 560?
1
Calculate the remainder when 803 is divided by 15.
8
What is the remainder when 351693 is divided by 6394?
23
Calculate the remainder when 25941 is divided by 23.
20
Calculate the remainder when 2794458 is divided by 68.
66
Calculate the remainder when 552954 is divided by 288.
282
What is the remainder when 6307530 is divided by 14?
12
Calculate the remainder when 746 is divided by 378.
368
Calculate the remainder when 321229 is divided by 402.
31
What is the remainder when 2719 is divided by 1259?
201
Calculate the remainder when 26274 is divided by 228.
54
What is the remainder when 9248 is divided by 11?
8
What is the remainder when 15556 is divided by 3049?
311
Calculate the remainder when 10255 is divided by 548.
391
What is the remainder when 27203 is divided by 118?
63
Calculate the remainder when 36403 is divided by 45.
43
Calculate the remainder when 4584 is divided by 1512.
48
Calculate the remainder when 2626 is divided by 204.
178
Calculate the remainder when 975 is divided by 79.
27
What is the remainder when 290118 is divided by 9?
3
Calculate the remainder when 24621 is divided by 152.
149
Calculate the remainder when 21682 is divided by 102.
58
What is the remainder when 22786 is divided by 154?
148
What is the remainder when 8855 is divided by 24?
23
Calculate the remainder when 4442 is divided by 374.
328
Calculate the remainder when 91914 is divided by 42.
18
What is the remainder when 5036 is divided by 168?
164
What is the remainder when 64322 is divided by 1734?
164
Calculate the remainder when 31265 is divided by 4.
1
What is the remainder when 6501 is divided by 240?
21
What is the remainder when 41235 is divided by 572?
51
Calculate the remainder when 52061 is divided by 826.
23
Calculate the remainder when 1406 is divided by 68.
46
What is the remainder when 5014 is divided by 76?
74
Calculate the remainder when 4581 is divided by 876.
201
Calculate the remainder when 584230 is divided by 66.
64
Calculate the remainder when 4004 is divided by 4.
0
Calculate the remainder when 36742 is divided by 354.
280
What is the remainder when 515436 is divided by 515434?
2
What is the remainder when 52335 is divided by 17441?
12
What is the remainder when 22558 is divided by 48?
46
What is the remainder when 3484 is divided by 1709?
66
Calculate the remainder when 25443 is divided by 5088.
3
Calculate the remainder when 3008 is divided by 374.
16
Calculate the remainder when 42203 is divided by 33.
29
Calculate the remainder when 30386 is divided by 2532.
2
Calculate the remainder when 1129 is divided by 222.
19
Calculate the remainder when 457598 is divided by 110.
108
What is the remainder when 1376 is divided by 470?
436
Calculate the remainder when 73734 is divided by 4.
2
Calculate the remainder when 4703 is divided by 1561.
20
What is the remainder when 45868 is divided by 25?
18
Calculate the remainder when 8318 is divided by 26.
24
What is the remainder when 22922 is divided by 402?
8
What is the remainder when 33879 is divided by 33871?
8
Calculate the remainder when 21371 is divided by 147.
56
What is the remainder when 171528 is divided by 466?
40
Calculate the remainder when 1616 is divided by 444.
284
What is the remainder when 4829 is divided by 115?
114
Calculate the remainder when 54398 is divided by 394.
26
Calculate the remainder when 112315 is divided by 12476.
31
What is the remainder when 47949 is divided by 173?
28
Calculate the remainder when 7769 is divided by 7720.
49
Calculate the remainder when 1374 is divided by 195.
9
What is the remainder when 2293 is divided by 326?
11
What is the remainder when 5504 is divided by 24?
8
Calculate the remainder when 2220 is divided by 324.
276
What is the remainder when 12471 is divided by 12444?
27
What is the remainder when 150715 is divided by 50234?
13
What is the remainder when 101646 is divided by 25409?
10
What is the remainder when 389753 is divided by 2253?
2237
What is the remainder when 502 is divided by 316?
186
Calculate the remainder when 2904 is divided by 1359.
186
What is the remainder when 28669 is divided by 946?
289
Calculate the remainder when